- 3*f + 42 = 4*i, -15 = -i + f. What is the tens digit of i?
1
Suppose -4*z = 5*z - 72. Suppose 0 = -z*n + 1719 - 95. What is the tens digit of n?
0
Suppose 4 = 7*v - 9*v. Let c(p) = p**3 + p**2 - p + 3. Let q be c(v). Suppose -2*n + 37 = q. What is the tens digit of n?
1
Let o be 1*4*(-9)/(-6). What is the units digit of 140/o*(2 - -1)?
0
Let x(w) = -2*w**3 + 0*w - 3*w**2 + w**3 + 7*w. Let c be x(-5). Suppose 0 = 5*i - 0*a - a - 105, 3*a - c = 0. What is the tens digit of i?
2
Suppose 121*v - 122*v = -687. What is the units digit of v?
7
Suppose 0*x = 2*x + 136. Let y(v) = -v**2 + 6*v + 9. Let p be y(7). What is the tens digit of x/(-6) - p/6?
1
Suppose 4*p - 8*p + 8 = 0. Suppose -p*v + 172 = 3*y - 14, v + 4*y = 103. What is the tens digit of v?
8
Let w be 1 + (-1)/(-1) + 33. Suppose -2*v = -w - 93. What is the units digit of v?
4
Suppose 77*n - 33*n = 169620. What is the units digit of n?
5
Let p(s) = 24*s**2 - 9*s + 8. Let g be p(4). Let x = g + -212. What is the tens digit of x?
4
Let v(n) = 7*n + 222. What is the units digit of v(-29)?
9
Suppose -6*c + 3660 = 4*c. What is the tens digit of c?
6
Let k = -56 - -154. What is the units digit of k?
8
Let w be 1 + 2/(-2)*1. Suppose 5*h = 15, w = 2*u + 3*u + 4*h - 12. Suppose 0 = -v - 3*z + 6*z + 30, u = 5*z - 20. What is the tens digit of v?
4
Let t be 668/6 - 24/(-36). Suppose t = 4*j - 0*j. What is the tens digit of j?
2
Let j(v) = v**2 - v. Let z(w) = 3*w**2 - 23*w + 13. Let s(l) = 2*j(l) - z(l). What is the tens digit of s(19)?
2
Suppose 2*v = -g + 11174, -23*v - 27936 = -28*v - 2*g. What is the thousands digit of v?
5
Let u be 9/15 - (-2992)/(-20). Let b = -91 - u. What is the units digit of b?
8
Let s be (-40)/(-10)*1*34. Suppose -f + t = -34, 2*f = 6*f - t - s. Let j = -19 + f. What is the units digit of j?
5
Suppose 5*u - 6 = 59. Suppose -2*c = -4*c + 42. Let z = c - u. What is the units digit of z?
8
Let f(q) = q**3 - 3*q**2 - 4*q + 2. Let d be f(4). Suppose 70 = 4*g - d*g. Suppose 0 = 5*c - 25, 0 = -b + c - 4*c + g. What is the units digit of b?
0
Let h = -13 + 15. Suppose -3*i = 4*c - 16, 3*c + h*c - 4*i = 51. Suppose -20 = -v - 2*x, -c = -3*v + 4*x + 3. What is the units digit of v?
0
Let g(s) = 2 - 2*s**2 + 7*s**2 - 3*s**2 + 9*s. What is the tens digit of g(-7)?
3
Let s be (-30)/(-150) - (-78)/10. Suppose -s*f = -4*f + 5*b - 269, -2*b = -10. What is the units digit of f?
1
Let k = 8 - 5. Suppose -o + 25 = -4*c, 6 + 14 = -4*c. Suppose o*a = 0, 15 = 2*u + u + k*a. What is the units digit of u?
5
Let v(k) = k**3 - 8*k**2 - 8*k - 7. Let x be v(9). What is the units digit of (510/20)/(1/x)?
1
Let m be 3/((-24)/14)*324/(-27). Suppose 4 = u + 2. Let k = m + u. What is the tens digit of k?
2
Let v(y) = 316*y - 6. What is the tens digit of v(4)?
5
Suppose 0 = -4*q - 11 - 21. Let p be 42/q*896/24. What is the tens digit of p/(-12) + (-1)/3?
1
Let b(m) = 2*m - 6. Let n be b(3). Suppose 5*t = 20 - n. Suppose 0 = -u + t*z + 11, -7*u - 3*z = -3*u - 139. What is the units digit of u?
1
Suppose 4568 = u + 3*t, 4*u + 4*t - 20108 = -1868. Suppose -14*j + u = 3*j. What is the hundreds digit of j?
2
Suppose 0 = 12*p - 8*p - 16. Suppose p = -2*x + 4*x. What is the units digit of x/(-18)*-69*6?
6
Suppose -x = 2*s - 2616, -x + 1451 = 3*s - 2474. What is the tens digit of s?
0
Let c = -34 + 191. Suppose -6*k + c + 77 = 0. What is the units digit of k?
9
Let k(t) = 124*t + 28. What is the units digit of k(9)?
4
Suppose 2*q + 12550 = 5*f, 9*f - 10033 = 5*f + 3*q. What is the hundreds digit of f?
5
Let g be 12/(-9)*9/(-6). Suppose 5 = -7*u + g*u. What is the units digit of u/(-3) + 16/6?
3
Let n be (-1 - 0)*(6 - 21). Let r = -11 + n. Suppose 4*g - 10 - 34 = 3*w, 2*g = -r*w. What is the units digit of g?
8
What is the tens digit of 428 - (-1 - ((-50)/(-2))/(-5))?
2
Let h be (-172)/(-6) + 8/6. Let q = h - -3. What is the units digit of q?
3
Let i(o) = o**3 - 7*o**2 + 9*o**2 - 9 - o - 4*o**2. What is the tens digit of i(4)?
1
Suppose -117*d - 10 = -112*d. What is the hundreds digit of 217 + d - (14 - 11)?
2
Suppose -5*c - 3*g = 154914, -10 = -g - 4*g. What is the hundreds digit of c/(-96) - (-6)/(-8)?
3
Let y = 928 + -515. Suppose -5*c = -4*h - y, -2*c + 254 - 94 = h. What is the tens digit of c?
8
Suppose -2*d + 4 = -3*j, 0 = -d + 2*d - 5. Suppose 12 = 2*v + j*v, -v + 59 = -4*l. What is the tens digit of 2/(-8)*0 - l?
1
Suppose 19 = -4*b - 0*d + d, -5*b + 3*d - 29 = 0. What is the tens digit of (-1230)/b - (-3)/6?
0
Let p(k) = -15 + 2*k**2 + 29 + 18*k**3 + 2*k**2 - 3*k - 17. What is the units digit of p(2)?
1
Let v = 5362 - 3646. What is the hundreds digit of v?
7
Suppose r + 5*y - 177 = -0*y, 2*r = 4*y + 326. Suppose -a = 2*q - r, 3*a = -5*q + 413 + 92. What is the hundreds digit of a?
1
Let d = -23 + 25. Suppose -4*n - 2*s + 186 = 80, -4*n + 102 = -d*s. What is the units digit of n?
6
What is the hundreds digit of (-27)/(-12) + -2 - 4115/(-4)?
0
Let h(o) = -3*o**2 - o**3 - 12*o + 9*o**2 + 8 - 2*o**2 + 7*o**2. Let i be h(9). Suppose p = -3*p + 2*j + 48, -5*p + 2*j + i = 0. What is the tens digit of p?
1
Let g = 590 + 86. Suppose -4*a - 4*k = -g, -5*k = -0*a + a - 153. What is the units digit of a?
3
Let r(c) = -28*c**2 - 8*c + 28. Let o be r(4). Let y = -193 - o. What is the hundreds digit of y?
2
What is the tens digit of 4/(-18) - 1625/(-225) - -557?
6
Suppose -2*t + 2*h + 2922 = 0, 4*h + 1476 = -39*t + 40*t. What is the thousands digit of t?
1
Let r(u) = 6*u**2 + u - 2. Let m be r(-1). Suppose -2*t = 4*p, 3*t = p + 8*t. Suppose -m*b + 71 + 46 = p. What is the units digit of b?
9
Let a(q) = -q**3 + 10*q**2 + 12*q - 7. Let k be a(11). Suppose 0 = 4*j - k. Let g = 12 + j. What is the tens digit of g?
1
Let i(s) = -s**3 + 13*s**2 - 36*s + 3. Let b be i(8). Let m = 20 + b. What is the tens digit of m?
5
Let b(i) be the second derivative of 13*i**6/720 - i**5/20 + i**4/2 - 4*i. Let z(n) be the third derivative of b(n). What is the units digit of z(3)?
3
Let d = 18 - 19. Let q = 2 - d. Suppose -5*u = t + q*t - 162, 33 = t + 5*u. What is the units digit of t?
3
What is the hundreds digit of (-56)/(-196) + 8146/7?
1
Let g = 99 - -3. What is the units digit of g?
2
Let n be 50/75*(-1 - 670/(-4)). Suppose -4*f = -0*f - 3*k - 249, -2*f - 3*k = -n. What is the tens digit of f?
6
Let h = 21 + -14. Suppose 0 = -h*x + 11*x - 20. Suppose -1 = x*g - 41. What is the units digit of g?
8
Let z = 298 - 171. Suppose -775 + z = -6*s. What is the hundreds digit of s?
1
Let m(h) = -6*h**2 + 3*h + 9. Let u be m(-3). Let d = 130 + u. What is the units digit of d?
6
Let x(d) = d**3 + 8*d**2 + 4*d + 12. Suppose 4 - 10 = a. What is the units digit of x(a)?
0
Let m(w) = 3*w - 30. Let d be m(15). Let a = d + 43. Suppose -4*j = -58 - a. What is the tens digit of j?
2
Let q be (-1)/4 + 2/8. Let p be (-1 + -1)/(-2) - q. Suppose -2*i + 14 = 4*b, 2*i - p + 11 = 0. What is the units digit of b?
6
Let b = 684 - 234. What is the tens digit of b?
5
Let g(y) = -33*y + 13. Let z(m) = -m + 1. Let s(t) = -g(t) + 5*z(t). What is the units digit of s(2)?
8
Let w(y) = y**2 + 12*y + 55. What is the hundreds digit of w(-20)?
2
Suppose 9 = -4*w - 127. Let x = 3 - w. Suppose x = -4*o + 121. What is the tens digit of o?
2
Let x(m) = 10*m**2 + 7*m - 15. What is the hundreds digit of x(6)?
3
Suppose -24 = -8*h + 2*h. Let s(z) = z - 3*z**2 - 3*z + h*z**2 + 2*z**3 - 1. What is the units digit of s(2)?
5
Let a = -14 + 20. Suppose -v - a = -1. Let g = 2 - v. What is the units digit of g?
7
Let f = 472 - 136. Suppose 7*o - 42 = f. What is the tens digit of o?
5
Let x(u) = 4*u + 5. Let z be x(-2). Let j = 51 + z. Suppose 0 = -0*w - w + 5, -3*w = -n + j. What is the tens digit of n?
6
Suppose 0*m = 2*m + r - 5, -2*r = 2*m - 10. Suppose -n + 5*n - 244 = m. What is the tens digit of n?
6
Let f = 21 - 18. Suppose 184 = 2*a + y + f*y, -4*a + y = -341. What is the units digit of a?
6
Suppose 0*i = -3*i. Suppose i = -t - 1 + 2. Let o = 12 - t. What is the tens digit of o?
1
Suppose -24767 = -49*t + 566. What is the hundreds digit of t?
5
Let v(t) = t**3 - 18*t**2 + 117*t + 7. What is the hundreds digit of v(21)?
7
Suppose -5*l = -0*l - 3*u - 45, 4*l = 4*u + 28. What is the tens digit of (8/l)/((-8)/(-852))?
7
Suppose -7*k - 3 = -17. Suppose 5*s - 3*c = 197, -k*c + c = 